{"id":16944,"date":"2019-04-21T09:09:37","date_gmt":"2019-04-21T08:09:37","guid":{"rendered":"https:\/\/www.pressroom.cloud\/wp-content\/uploads\/Jean-Auguste-Dominique-Ingres-Napoleone-sul-trono-imperiale-1806-\u00a9-Paris-Mus\u00e9e-de-lArm\u00e9e-Dist.-RMN-Grand-Palais-Emilie-Cambier.jpg"},"modified":"2019-04-21T09:09:37","modified_gmt":"2019-04-21T08:09:37","slug":"napoleon-ier-sur-le-trone-imperial-ou-sa-majeste-lempereur-des-francais-sur-son-trone-2","status":"inherit","type":"attachment","link":"https:\/\/www.pressroom.cloud\/en\/ingres-in-mostra-a-milano-pensando-a-notre-dame\/napoleon-ier-sur-le-trone-imperial-ou-sa-majeste-lempereur-des-francais-sur-son-trone-2\/","title":{"rendered":"Napol\u00e9on Ier sur le tr\u00f4ne imp\u00e9rial ou Sa majest\u00e9 l&#8217;empereur des Fran\u00e7ais sur son tr\u00f4ne"},"author":3,"featured_media":0,"comment_status":"open","ping_status":"closed","template":"","meta":[],"class_list":["post-16944","attachment","type-attachment","status-inherit","hentry"],"description":{"rendered":"<p class=\"attachment\"><a href='https:\/\/www.pressroom.cloud\/wp-content\/uploads\/Jean-Auguste-Dominique-Ingres-Napoleone-sul-trono-imperiale-1806-\u00a9-Paris-Mus\u00e9e-de-lArm\u00e9e-Dist.-RMN-Grand-Palais-Emilie-Cambier.jpg'>Napol\u00e9on Ier sur le tr\u00f4ne imp\u00e9rial ou Sa majest\u00e9 l'empereur des Fran\u00e7ais sur son tr\u00f4ne<\/a><\/p>\n"},"caption":{"rendered":"<p>Ingres Jean-Auguste-Dominique (1780-1867). Paris, mus\u00e9e de l&#8217;Arm\u00e9e. 4 ; Ea 89.1 ; INV 5420.<\/p>\n"},"alt_text":"","media_type":"file","mime_type":"image\/jpeg","media_details":{"width":640,"height":1020,"file":"Jean-Auguste-Dominique-Ingres-Napoleone-sul-trono-imperiale-1806-\u00a9-Paris-Mus\u00e9e-de-lArm\u00e9e-Dist.-RMN-Grand-Palais-Emilie-Cambier.jpg","sizes":{"thumbnail":{"file":"Jean-Auguste-Dominique-Ingres-Napoleone-sul-trono-imperiale-1806-\u00a9-Paris-Mus\u00e9e-de-lArm\u00e9e-Dist.-RMN-Grand-Palais-Emilie-Cambier-150x150.jpg","width":150,"height":150,"mime_type":"image\/jpeg"},"medium":{"file":"Jean-Auguste-Dominique-Ingres-Napoleone-sul-trono-imperiale-1806-\u00a9-Paris-Mus\u00e9e-de-lArm\u00e9e-Dist.-RMN-Grand-Palais-Emilie-Cambier-188x300.jpg","width":188,"height":300,"mime_type":"image\/jpeg"},"allure_elated_square":{"file":"Jean-Auguste-Dominique-Ingres-Napoleone-sul-trono-imperiale-1806-\u00a9-Paris-Mus\u00e9e-de-lArm\u00e9e-Dist.-RMN-Grand-Palais-Emilie-Cambier-550x550.jpg","width":550,"height":550,"mime_type":"image\/jpeg"},"allure_elated_landscape":{"file":"Jean-Auguste-Dominique-Ingres-Napoleone-sul-trono-imperiale-1806-\u00a9-Paris-Mus\u00e9e-de-lArm\u00e9e-Dist.-RMN-Grand-Palais-Emilie-Cambier-640x600.jpg","width":640,"height":600,"mime_type":"image\/jpeg"},"allure_elated_blog_slider_landscape":{"file":"Jean-Auguste-Dominique-Ingres-Napoleone-sul-trono-imperiale-1806-\u00a9-Paris-Mus\u00e9e-de-lArm\u00e9e-Dist.-RMN-Grand-Palais-Emilie-Cambier-640x545.jpg","width":640,"height":545,"mime_type":"image\/jpeg"},"allure_elated_blog_slider_portrait":{"file":"Jean-Auguste-Dominique-Ingres-Napoleone-sul-trono-imperiale-1806-\u00a9-Paris-Mus\u00e9e-de-lArm\u00e9e-Dist.-RMN-Grand-Palais-Emilie-Cambier-365x545.jpg","width":365,"height":545,"mime_type":"image\/jpeg"},"allure_elated_blog_split_column":{"file":"Jean-Auguste-Dominique-Ingres-Napoleone-sul-trono-imperiale-1806-\u00a9-Paris-Mus\u00e9e-de-lArm\u00e9e-Dist.-RMN-Grand-Palais-Emilie-Cambier-640x600.jpg","width":640,"height":600,"mime_type":"image\/jpeg"}},"image_meta":{"aperture":"0","credit":"Emilie Cambier \/ RMN-GP","camera":"Leaf Aptus 75(NR11149    )\/Other","caption":"Ingres Jean-Auguste-Dominique (1780-1867). Paris, mus\u00e9e de l'Arm\u00e9e. 4 ; Ea 89.1 ; INV 5420.","created_timestamp":"0","copyright":"Emilie Cambier","focal_length":"0","iso":"100","shutter_speed":"0","title":"Napol\u00e9on Ier sur le tr\u00f4ne imp\u00e9rial ou Sa majest\u00e9 l'empereur des Fran\u00e7ais sur son tr\u00f4ne","orientation":"1","keywords":["19e si\u00e8cle","aigle (symbole)","assis","costume de sacre","couronne de laurier","empereur","Europe (p\u00e9riode) - p\u00e9riode contemporaine de 1789 \u00e0 1914","hermine (fourrure)","huile sur toile","Ingres Jean-Auguste-Dominique (1780-1867)","main de justice","Napol\u00e9on Ier (1769-1821)","N\u00e9o-classicisme","ordre de la L\u00e9gion d'honneur","Peintures","portrait d'homme","portrait d'homme","portrait officiel","sceptre","tr\u00f4ne"]}},"post":21499,"source_url":"https:\/\/www.pressroom.cloud\/wp-content\/uploads\/Jean-Auguste-Dominique-Ingres-Napoleone-sul-trono-imperiale-1806-\u00a9-Paris-Mus\u00e9e-de-lArm\u00e9e-Dist.-RMN-Grand-Palais-Emilie-Cambier.jpg","_links":{"self":[{"href":"https:\/\/www.pressroom.cloud\/en\/wp-json\/wp\/v2\/media\/16944","targetHints":{"allow":["GET"]}}],"collection":[{"href":"https:\/\/www.pressroom.cloud\/en\/wp-json\/wp\/v2\/media"}],"about":[{"href":"https:\/\/www.pressroom.cloud\/en\/wp-json\/wp\/v2\/types\/attachment"}],"author":[{"embeddable":true,"href":"https:\/\/www.pressroom.cloud\/en\/wp-json\/wp\/v2\/users\/3"}],"replies":[{"embeddable":true,"href":"https:\/\/www.pressroom.cloud\/en\/wp-json\/wp\/v2\/comments?post=16944"}],"wp:attached-to":[{"embeddable":true,"post_type":"post","id":21499,"href":"https:\/\/www.pressroom.cloud\/en\/wp-json\/wp\/v2\/posts\/21499"}],"curies":[{"name":"wp","href":"https:\/\/api.w.org\/{rel}","templated":true}]}}

https://www.pressroom.cloud/wp-content/uploads/Jean-Auguste-Dominique-Ingres-Napoleone-sul-trono-imperiale-1806-©-Paris-Musée-de-lArmée-Dist.-RMN-Grand-Palais-Emilie-Cambier.jpg

Napoléon Ier sur le trône impérial ou Sa majesté l&#8217;empereur des Français sur son trône

<p class="attachment"><a href='https://www.pressroom.cloud/wp-content/uploads/Jean-Auguste-Dominique-Ingres-Napoleone-sul-trono-imperiale-1806-©-Paris-Musée-de-lArmée-Dist.-RMN-Grand-Palais-Emilie-Cambier.jpg'>Napoléon Ier sur le trône impérial ou Sa majesté l'empereur des Français sur son trône</a></p>

<p>Ingres Jean-Auguste-Dominique (1780-1867). Paris, musée de l&#8217;Armée. 4 ; Ea 89.1 ; INV 5420.</p>

Jean-Auguste-Dominique-Ingres-Napoleone-sul-trono-imperiale-1806-©-Paris-Musée-de-lArmée-Dist.-RMN-Grand-Palais-Emilie-Cambier.jpg

Jean-Auguste-Dominique-Ingres-Napoleone-sul-trono-imperiale-1806-©-Paris-Musée-de-lArmée-Dist.-RMN-Grand-Palais-Emilie-Cambier-150x150.jpg

Jean-Auguste-Dominique-Ingres-Napoleone-sul-trono-imperiale-1806-©-Paris-Musée-de-lArmée-Dist.-RMN-Grand-Palais-Emilie-Cambier-188x300.jpg

Jean-Auguste-Dominique-Ingres-Napoleone-sul-trono-imperiale-1806-©-Paris-Musée-de-lArmée-Dist.-RMN-Grand-Palais-Emilie-Cambier-550x550.jpg

Jean-Auguste-Dominique-Ingres-Napoleone-sul-trono-imperiale-1806-©-Paris-Musée-de-lArmée-Dist.-RMN-Grand-Palais-Emilie-Cambier-640x600.jpg

Jean-Auguste-Dominique-Ingres-Napoleone-sul-trono-imperiale-1806-©-Paris-Musée-de-lArmée-Dist.-RMN-Grand-Palais-Emilie-Cambier-640x545.jpg

Jean-Auguste-Dominique-Ingres-Napoleone-sul-trono-imperiale-1806-©-Paris-Musée-de-lArmée-Dist.-RMN-Grand-Palais-Emilie-Cambier-365x545.jpg

Ingres Jean-Auguste-Dominique (1780-1867). Paris, musée de l'Armée. 4 ; Ea 89.1 ; INV 5420.

Napoléon Ier sur le trône impérial ou Sa majesté l'empereur des Français sur son trône

19e siècle

Europe (période) - période contemporaine de 1789 à 1914

Napoléon Ier (1769-1821)

Néo-classicisme

ordre de la Légion d'honneur

trône
